*g**2 - 9*g - 7. What is s(r)?
5
Suppose 59 = 15*z + 29. Let q(x) = -11*x**2 - 1052*x**3 + 12*x + 1053*x**3 - z*x**2 + 5. Give q(12).
5
Let j(p) be the first derivative of -p**4/12 - 3*p**3/2 + 3*p**2/2 + 155*p - 131. Let v(z) be the first derivative of j(z). Determine v(-11).
-19
Let v(p) = -p + 2 - 16487157*p**2 - 3*p + 16487162*p**2. What is v(1)?
3
Suppose -44*l = -3149 + 3281. Let q(m) = -3*m**2 - 4*m - 24. What is q(l)?
-39
Let a(n) be the second derivative of 3*n**3/2 - 102*n**2 - 7769*n. Determine a(23).
3
Suppose i - 4 = -0*y + 2*y, 5*y + 4 = i. Suppose -2*n = 2*n. Let a(k) = -173*k + 0*k**2 + 169*k + n*k**2 + 2*k**2. Calculate a(i).
16
Let a(z) = -10*z - 23. Let d(o) = -o - 8. Let i(v) = a(v) - 3*d(v). Give i(-3).
22
Let c(j) be the first derivative of -2*j**3/3 + 35*j**2/2 - 117*j - 1556. What is c(4)?
-9
Let j(a) be the third derivative of -a**6/120 - a**5/60 - a**4/8 - 17*a**3/6 + 303*a**2. Determine j(0).
-17
Let d(p) = 3841*p**2 - 26 - 7 + 3*p - 11*p + p**3 + 5 - 3853*p**2. Determine d(13).
37
Let u(k) = 13*k + 150. Let w be u(-10). Suppose 5*o = 5*j - 35, w*j - 19*j = 3*o + 17. Let t(f) = -f**3 - 5*f**2 + 4*f - 5. Give t(o).
-25
Let m = -238 - -238. Suppose 3*r - 3 = -m. Let u(j) = -3 - 13*j + 1 + 2*j + 1. Determine u(r).
-12
Let a(x) = 2*x**2 + x - 7. Let w = 160 + -155. Suppose -5*t = 5*f - 6 + 56, -f = -w*t - 20. Calculate a(f).
38
Let f = 147 - 137. Suppose -9*s + 55 = f. Let k(r) = -r**2 + 3*r + 1. Determine k(s).
-9
Suppose -3*f + 48 = 3*s, -5*f = -8 + 13. Let t(n) = -10 + 7*n + 6*n - s*n + 3*n. What is t(-5)?
-5
Let v(n) = -5*n + n**2 - 11*n - 2 + 24 + 24*n - 6. Calculate v(-4).
0
Let g(v) = -v**3 + 3*v**2 - 9. Let b(q) = -q**2 - 2*q - 1. Suppose 0 = 23*m - 33*m + 20. Let z(k) = m*b(k) - g(k). Determine z(6).
19
Let z(w) = w**3 + 21*w**2 - 31*w - 193. Let n be z(-22). Let x(r) = 12*r - 17. Give x(n).
43
Let m(p) = 16*p**3 - 2*p**2 + 2*p + 2. Suppose 5*n - 2*q - 188 = -193, 3 = -3*n + 4*q. What is m(n)?
-18
Let m = -11997 - -12020. Let v(n) = n**3 - 24*n**2 + 20*n + 67. Calculate v(m).
-2
Let d = -2 + -2. Let h(x) = 2*x**2 - 144136 - 4*x + 144136 + x**3. Calculate h(d).
-16
Suppose 7*z - 8 = 6. Let i(k) = -z*k**2 + 2*k**2 - 21*k + k**2 + 13*k - 1. What is i(7)?
-8
Let t(r) = 9*r**3 + 56*r**2 + 61*r - 339. Let c(s) = 2*s**3 - s**2 + 2*s + 5. Let x(w) = 4*c(w) - t(w). Determine x(-59).
5
Suppose 0 = 3*r - 3 - 0, -4*r + 22 = 3*y. Let k(j) = 2*j - 13 + y*j + 33 - 20*j + 8*j. Give k(5).
0
Let i be (-2 + -9)*(-1 - -2). Let w(z) = 856*z - z**2 - 1733*z + 867*z + 2 + 11. Determine w(i).
2
Let y(v) = 8*v - 342. Suppose -1855*f + 1857*f + 116 = 3*r, 10 = 2*f. Determine y(r).
-6
Suppose 0 - 4 = 4*l. Let g(a) = 15*a**2 - a - 2. Let f = 31 + -32. Let x(w) = -w**2 - 1. Let j(v) = f*x(v) + g(v). Give j(l).
16
Let x(s) = -13*s + 3. Let j(b) = -272*b + 64. Let c(m) = 3*j(m) - 64*x(m). Let w(p) = -p**3 - p**2 + 56*p - 1. Let n be w(7). Calculate c(n).
-16
Let k = 146 - 76. Let d be (-92)/(-15) - -1 - k/525. Let n(b) = -d*b**2 - 9*b**2 + 7*b + 9 + b**3 + 7*b**2. Give n(8).
1
Let s(i) = 2*i - 5*i + 4*i - 307 + 300. Let u = 18 - 13. Calculate s(u).
-2
Suppose 2*x = -h - 7, -2*x + 0*h = 5*h - 5. Let k(o) = -6 - o - 9 + 15. What is k(x)?
5
Let t(f) be the third derivative of -f**6/360 + f**5/10 - 3*f**4/8 + 22*f**3/3 - 109*f**2. Let g(r) be the first derivative of t(r). What is g(9)?
18
Let f(h) = -h**2 - 1. Let u(n) = -2*n**2 - 7*n - 3. Let g(m) = -3*f(m) + u(m). Let v be 8/12 - -1*(-66)/(-9). Give g(v).
8
Let r = 15099 + -15097. Let o(a) = -10*a - 7. Give o(r).
-27
Let o be 3 - ((-3)/(-3))/((-1)/(-2)). Let p be 20/(-72)*-6*3/1. Let d(n) = -140 - p*n**3 + n**2 + 139 - 4*n + 5*n. Calculate d(o).
-4
Let w(a) = a**3 + 0*a**3 + 9*a + 22 - 25*a**2 + 0*a + 14*a + 0*a. Calculate w(24).
-2
Let d = -12396 + 12396. Let i(o) = -3*o**3 + o + 7. What is i(d)?
7
Let o = -1793 - -1800. Let r(m) = -13*m + 91. Determine r(o).
0
Let g(a) = -204 - 5*a - 4*a - a + 2*a - a. Calculate g(-22).
-6
Let z(f) = 24*f**2 - 28*f**2 + 1429*f - 7 - 4298*f + 1428*f + 1429*f. Give z(-3).
-7
Let l(d) = 7*d**2 + 9*d - 3. Let s(z) = -12*z**2 - 18*z + 5. Let i(x) = -5*l(x) - 3*s(x). Let q(y) = -3*y**2 - 26*y. Let w(k) = -17*i(k) - 6*q(k). Give w(-4).
4
Suppose -5 = -69*z - 3 - 2. Let p(m) = 2*m**3 - 2*m**2 - 26. Determine p(z).
-26
Let q(v) = -6*v**3 + v**2. Let d be q(-2). Suppose -5*k - t = -24, 4*k + 4*t = -20 + d. Let g(z) = 5 + 10 + 3*z - 3*z - 20 - z. What is g(k)?
-9
Let n(g) be the third derivative of g**5/60 + g**4 + 59*g**3/6 - 592*g**2. Calculate n(-21).
-4
Let t(o) be the second derivative of 13*o**3/6 - 33*o**2/2 + 9*o - 42. Determine t(3).
6
Let p(v) be the third derivative of v**4/8 + v**3/3 - 22*v**2. Suppose -3*g = -2*g + j + 6, -5*j = 2*g + 24. What is p(g)?
-4
Let z(h) = 6 - 161*h - 165*h - 3*h**3 - 3*h**2 + 338*h. Let r(o) = -2*o - 1. Let j(a) = -6*r(a) - z(a). Let y = -2 + 0. Give j(y).
-12
Suppose 5*x - 14 + 4 = 0. Let p be (-7 - -6)/(x/10). Let t be p/2*(-8)/10. Let r(k) = 3*k**2 - 4*k + 3. What is r(t)?
7
Let r(f) = 2*f + 20. Suppose -4*h = -3*s - 9, -4*h + 6*h = -3*s - 27. Let o be r(s). Let b(w) = -4*w - 1. Give b(o).
-25
Let a(r) = 2*r**3 + 25*r**2 - 13*r + 3. Let m be a(-13). Let t(p) = -7*p - m*p**2 + 28 + 4*p**2 - 27. Calculate t(6).
-5
Let h(c) = 3*c**2 + 3*c + 2. Let s(j) be the first derivative of j**3/3 + 12*j**2 - 53*j + 86. Let v be s(-26). What is h(v)?
2
Let k(b) be the first derivative of 3*b**3 + b**2/2 - 2*b + 192. Suppose -4*s = -77 + 69. Calculate k(s).
36
Let d(m) = 8*m + 243. Let o(h) = h**2 - 44*h - 570. Let n be o(54). Calculate d(n).
3
Let l(z) = 6*z**2 - 2458*z - 30*z**2 - 2456*z + 4917*z. What is l(2)?
-90
Let z be (-1)/2 - 13/(-2). Let q = 192 - 192. Let t(o) = -8*o + 6*o + 3 + q*o - o. What is t(z)?
-15
Let a = 49 - 69. Let i be ((-5)/a)/((-2)/(-16)). Let n(t) = 2*t**i - 2*t**2 + t**2 - 7*t + 5. What is n(6)?
-1
Let t(x) be the first derivative of 17 - 2*x**2 - 3*x + 4/3*x**3. Give t(-2).
21
Let u(s) = -s**3 - 2*s**2 + 4*s - 9. Suppose 26*a - 353 = 141*a + 107. Calculate u(a).
7
Let b(n) = 4*n**2 + 23*n - 16. Let v(h) = -h**2 - 4*h - 1. Let y(c) = -b(c) - 3*v(c). Determine y(-14).
-23
Let k(j) = j**3 + 3*j**2 + 3*j + 4. Let y be 344/(-43) + 1*5. Let h be (-6)/y - 10 - -4. Calculate k(h).
-24
Let w(n) = -n + 9. Let v be w(7). Let y(m) = 2*m**2 - m**v - 14 + 5. Let r be -5 + ((-30)/4)/3*-2. What is y(r)?
-9
Let c(x) be the third derivative of x**4/4 - 2*x**3/3 + 4*x**2 - 51. Determine c(0).
-4
Let c(z) = 10*z**3 + z**3 + z**3 - 1. Suppose -30*k + 72*k = 31*k + 11. Determine c(k).
11
Let b(z) be the first derivative of -z**3/6 - 4*z - 2. Let x(i) be the first derivative of b(i). Let y(v) = 26*v + 186. Let t be y(-7). What is x(t)?
-4
Let h(l) = -18*l - 52. Let n = -3453 + 3450. Calculate h(n).
2
Suppose -4*w - 144 = 4*c, 0 = -4*w + 4*c - 192 + 16. Let h be (-4)/18 - 2*w/36. Let d(z) = -32*z + 4 - z**h + 86*z - 30*z - 25*z. What is d(3)?
-8
Let m(o) = 5*o**2 - 11*o - 64. Let j(x) = -14*x**2 + 33*x + 185. Let b(r) = 4*j(r) + 11*m(r). What is b(-5)?
-44
Let b = -29 - -33. Suppose 0 = b*w - 221 - 279. Let x = 122 - w. Let a(s) = 3*s**2 + s - 1. Give a(x).
23
Let t(b) be the first derivative of b**3/3 - 5*b**2 - 6*b - 104. Calculate t(10).
-6
Let n(s) = -7*s**3 - s**2 + 2*s - 1. Let o(t) = -t**2 + 22*t - 87. Let r be o(16). Suppose 0 = p - 10*p + r. Give n(p).
-7
Let d(v) = 7*v**2 - 13*v + 4. Let q(j) = -2. Let u(p) = d(p) + 4*q(p). Let h be u(2). Let o(f) = -3*f**3 - 2*f**2 - 4*f - 2. Calculate o(h).
22
Let y be 7/(105/4190) + 1/(-3). Let g = -275 + y. Let h(j) = -j + 5. What is h(g)?
1
Let s(f) = -f + 6. Let w = -1 - 12. Let t(x) = x**2 + 12*x - 9. Let b be t(w). What is s(b)?
2
Suppose -3*x = -4*x + 9. Let d be (x/(-6) + 3)/(9/(-12)). Let o be 3/d*400/(-75). Let g(k) = k**2 - 8*k + 2. Calculate g(o).
2
Let b(c) = -248*c - 995. Let i be b(-4). Let p(w) = -14*w + 26. What is p(i)?
68
Let p(l) = -l + 1. Let r(a) = a - 1. Let u(g) = -5*p(g) - 6*r(g). Let i(w) = w - 3*w - 5*w + 3*w - 1. Let f(o) = i(o) + u(o). Calculate f(1).
-5
Let c(f) be the first derivative of f**3/3 - 3*f**2 + 6*f + 5335. Give c(7).
13
Let l be (-135)/(-54) - 2/(-4). Suppose -3*d + l*n - 14 = -n, n - 12 = 5*d. Let f(j) = -1 + 3*j + 2*j - j**2 - 6*j. Determine f(d